{"id":92,"date":"2024-07-16T13:58:58","date_gmt":"2024-07-16T11:58:58","guid":{"rendered":"https:\/\/neu.mann-oh-mann.net\/?page_id=92"},"modified":"2024-07-16T14:18:14","modified_gmt":"2024-07-16T12:18:14","slug":"ueber-uns","status":"publish","type":"page","link":"https:\/\/www.mann-oh-mann.net\/?page_id=92","title":{"rendered":"\u00dcber uns"},"content":{"rendered":"\n<h1 class=\"wp-block-heading\">\u00dcber uns<\/h1>\n\n\n\n<div style=\"height:27px\" aria-hidden=\"true\" class=\"wp-block-spacer\"><\/div>\n\n\n\n<div class=\"wp-block-group has-global-padding is-layout-constrained wp-block-group-is-layout-constrained\">\n<h2 class=\"wp-block-heading\">Entstehung fast reiner Zufall<\/h2>\n\n\n\n<p>\u201eMann-oh-Mann\u201c ist fast rein zuf\u00e4llig entstanden. Im Jahr 2014 fand in Giengen\/Brenz ein Vizechorleiter-Lehrgang des Eugen-Jaekle-Chorverband statt, an dem \u00fcberraschend viele M\u00e4nner teilgenommen hatten. Da bot es sich an, dass man einige \u00dcbungslieder auch in M\u00e4nnerchorbesetzung singt. Dies klang sehr gut und machte so viel Spa\u00df, dass schnell die Idee geboren wurde, sich mal als M\u00e4nnerchor zu treffen. Schnell waren weitere Herren gefunden, so dass ein rundes Dutzend am 30.07.2014 zu einer Versuchsprobe zusammenkam. Die Besetzung war relativ ausgeglichen, das Vom-Blatt-Singen war f\u00fcr keinen ein Fremdwort und alle verstanden sich auf Anhieb blendend. So lernte man unter Leitung von Ulrich Meier einige S\u00e4tze kennen, abseits gewohnter M\u00e4nnerchorpfade. Einstimmig waren danach alle der Meinung, dass diese Besetzung zukunftsf\u00e4hig ist und man deshalb in einen regelm\u00e4\u00dfigen Probenbetrieb einsteigen sollte. Gesagt getan \u2013 ab Herbst 2014 kamen die Herren mindestens einmal im Monat zusammen und erarbeiteten sich Zug um Zug ein kleines Repertoire von Chors\u00e4tzen verschiedenster Art. Da ging es unter anderem um \u201eSpanische N\u00e4chte\u201c, ein missgl\u00fccktes Rendezvous, oder um ein gar nicht so hessisches Volkslied \u201eO Susanna\u201c.<br><br>Die Mitglieder des Chors haben sich nicht gesucht und trotzdem gefunden . . .  Fast alle geh\u00f6ren einem \u201eHeimatchor\u201c an, in dem sie nat\u00fcrlich weiterhin mitsingen. Sie kommen aus allen Himmelsrichtungen rund um Giengen herum und nehmen teilweise eine weite Anfahrt auf sich.<br><br>Der erste, Aufsehen erregende Auftritt erfolgte im M\u00e4rz 2015 beim Bezirkstag des Eugen-Jaekle-Chorverbands in Ochsenberg. Bis zum zweiten Auftritt der M\u00e4nner bei der Chorolympiade in Unterschneidheim im November 2015 hatte sich der Chor seinen vielsagenden Namen gegeben: \u201eMann \u2013 oh \u2013 Mann\u201c.<br><br>Weitere Auftritte folgten und der vorl\u00e4ufige H\u00f6hepunkt in der jungen Geschichte des Chors war ein von Beifallsst\u00fcrmen begleiteter Auftritt am 29. Mai 2016 im Rahmen des Deutschen Chorfests in Stuttgart.<\/p>\n\n\n\n<div style=\"height:27px\" aria-hidden=\"true\" class=\"wp-block-spacer\"><\/div>\n<\/div>\n\n\n\n<div class=\"wp-block-group has-global-padding is-layout-constrained wp-block-group-is-layout-constrained\">\n<h2 class=\"wp-block-heading\">Historie<\/h2>\n\n\n\n<p>\u201eMann-oh-Mann\u201c ist fast rein zuf\u00e4llig entstanden. Im Jahr 2014 fand in Giengen\/Brenz ein Vizechorleiter-Lehrgang des Eugen-Jaekle-Chorverband statt, an dem \u00fcberraschend viele M\u00e4nner teilgenommen hatten. Da bot es sich an, dass man einige \u00dcbungslieder auch in M\u00e4nnerchorbesetzung singt. Dies klang sehr gut und machte so viel Spa\u00df, dass schnell die Idee geboren wurde, sich mal als M\u00e4nnerchor zu treffen. Schnell waren weitere Herren gefunden, so dass ein rundes Dutzend am 30.07.2014 zu einer Versuchsprobe zusammenkam. Die Besetzung war relativ ausgeglichen, das Vom-Blatt-Singen war f\u00fcr keinen ein Fremdwort und alle verstanden sich auf Anhieb blendend. So lernte man unter Leitung von Ulrich Meier einige S\u00e4tze kennen, abseits gewohnter M\u00e4nnerchorpfade. Einstimmig waren danach alle der Meinung, dass diese Besetzung zukunftsf\u00e4hig ist und man deshalb in einen regelm\u00e4\u00dfigen Probenbetrieb einsteigen sollte. Gesagt getan \u2013 ab Herbst 2014 kamen die Herren mindestens einmal im Monat zusammen und erarbeiteten sich Zug um Zug ein kleines Repertoire von Chors\u00e4tzen verschiedenster Art. Da ging es unter anderem um \u201eSpanische N\u00e4chte\u201c, ein missgl\u00fccktes Rendezvous, oder um ein gar nicht so hessisches Volkslied \u201eO Susanna\u201c.<br><br>Die Mitglieder des Chors haben sich nicht gesucht und trotzdem gefunden . . .  Fast alle geh\u00f6ren einem \u201eHeimatchor\u201c an, in dem sie nat\u00fcrlich weiterhin mitsingen. Sie kommen aus allen Himmelsrichtungen rund um Giengen herum und nehmen teilweise eine weite Anfahrt auf sich.<br><br>Der erste, Aufsehen erregende Auftritt erfolgte im M\u00e4rz 2015 beim Bezirkstag des Eugen-Jaekle-Chorverbands in Ochsenberg. Bis zum zweiten Auftritt der M\u00e4nner bei der Chorolympiade in Unterschneidheim im November 2015 hatte sich der Chor seinen vielsagenden Namen gegeben: \u201eMann \u2013 oh \u2013 Mann\u201c.<br><br>Weitere Auftritte folgten und der vorl\u00e4ufige H\u00f6hepunkt in der jungen Geschichte des Chors war ein von Beifallsst\u00fcrmen begleiteter Auftritt am 29. Mai 2016 im Rahmen des Deutschen Chorfests in Stuttgart.<\/p>\n\n\n\n<figure class=\"wp-block-table\"><table><tbody><tr><td>30.07.2014<\/td><td>Erste Probe des neuen M\u00e4nnerchors<\/td><\/tr><tr><td>10.03.2015<\/td><td>Erster \u00f6ffentlicher Auftritt von \u201eMann-oh-Mann\u201c beim Bezirkstag HDH des EJC in Ochsenberg<\/td><\/tr><tr><td>21.11.2015<\/td><td>Mitwirkung bei der Chorolympiade in Unterschneidheim<\/td><\/tr><tr><td>24.01.2016<\/td><td>Mitwirkung beim Neujahrsempfang der Stadt Giengen<\/td><\/tr><tr><td>22.04.2016<\/td><td>Mitwirkung bei der Sportlerehrung in Giengen<\/td><\/tr><tr><td>29.05.2016<\/td><td>Mann-oh-Mann beteiligt sich mit einem Tageskonzert im Theaterhaus beim Deutschen Chorfest in Stuttgart<\/td><\/tr><tr><td>29.10.2016<\/td><td>Gastchor beim 20j\u00e4hrigen Chorjubil\u00e4um von belcanto (Gesang- und Theatervereinigung Burgberg) in der Maria-von-Linden Halle in Burgberg<\/td><\/tr><\/tbody><\/table><\/figure>\n<\/div>\n\n\n\n<div style=\"height:27px\" aria-hidden=\"true\" class=\"wp-block-spacer\"><\/div>\n\n\n\n<div class=\"wp-block-group has-global-padding is-layout-constrained wp-block-group-is-layout-constrained\">\n<h2 class=\"wp-block-heading\">Technisches<\/h2>\n\n\n\n<p>Wo: Proben finden meist statt im \u201eRoten Schulhaus\u201c in Burgberg<\/p>\n\n\n\n<p>Wann: Mindestens einmal im Monat, in der Regel mittwochs<\/p>\n\n\n\n<p>Mitsinginteressierte M\u00e4nner k\u00f6nnen sich gerne \u00fcber Ulrich Meier (ulrichmeier.giengen@gmx.de) mit uns in Verbindung setzen.<\/p>\n\n\n\n<div style=\"height:27px\" aria-hidden=\"true\" class=\"wp-block-spacer\"><\/div>\n<\/div>\n","protected":false},"excerpt":{"rendered":"<p>\u00dcber uns Entstehung fast reiner Zufall \u201eMann-oh-Mann\u201c ist fast rein zuf\u00e4llig entstanden. Im Jahr 2014 fand in Giengen\/Brenz ein Vizechorleiter-Lehrgang des Eugen-Jaekle-Chorverband statt, an dem \u00fcberraschend viele M\u00e4nner teilgenommen hatten. Da bot es sich an, dass man einige \u00dcbungslieder auch in M\u00e4nnerchorbesetzung singt. Dies klang sehr gut und machte so viel Spa\u00df, dass schnell die [&hellip;]<\/p>\n","protected":false},"author":1,"featured_media":0,"parent":0,"menu_order":0,"comment_status":"closed","ping_status":"closed","template":"","meta":{"footnotes":""},"class_list":["post-92","page","type-page","status-publish","hentry"],"_links":{"self":[{"href":"https:\/\/www.mann-oh-mann.net\/index.php?rest_route=\/wp\/v2\/pages\/92","targetHints":{"allow":["GET"]}}],"collection":[{"href":"https:\/\/www.mann-oh-mann.net\/index.php?rest_route=\/wp\/v2\/pages"}],"about":[{"href":"https:\/\/www.mann-oh-mann.net\/index.php?rest_route=\/wp\/v2\/types\/page"}],"author":[{"embeddable":true,"href":"https:\/\/www.mann-oh-mann.net\/index.php?rest_route=\/wp\/v2\/users\/1"}],"replies":[{"embeddable":true,"href":"https:\/\/www.mann-oh-mann.net\/index.php?rest_route=%2Fwp%2Fv2%2Fcomments&post=92"}],"version-history":[{"count":4,"href":"https:\/\/www.mann-oh-mann.net\/index.php?rest_route=\/wp\/v2\/pages\/92\/revisions"}],"predecessor-version":[{"id":101,"href":"https:\/\/www.mann-oh-mann.net\/index.php?rest_route=\/wp\/v2\/pages\/92\/revisions\/101"}],"wp:attachment":[{"href":"https:\/\/www.mann-oh-mann.net\/index.php?rest_route=%2Fwp%2Fv2%2Fmedia&parent=92"}],"curies":[{"name":"wp","href":"https:\/\/api.w.org\/{rel}","templated":true}]}}

Über uns

<h1 class="wp-block-heading">Über uns</h1>



<div style="height:27px" aria-hidden="true" class="wp-block-spacer"></div>



<div class="wp-block-group has-global-padding is-layout-constrained wp-block-group-is-layout-constrained">
<h2 class="wp-block-heading">Entstehung fast reiner Zufall</h2>



<p>„Mann-oh-Mann“ ist fast rein zufällig entstanden. Im Jahr 2014 fand in Giengen/Brenz ein Vizechorleiter-Lehrgang des Eugen-Jaekle-Chorverband statt, an dem überraschend viele Männer teilgenommen hatten. Da bot es sich an, dass man einige Übungslieder auch in Männerchorbesetzung singt. Dies klang sehr gut und machte so viel Spaß, dass schnell die Idee geboren wurde, sich mal als Männerchor zu treffen. Schnell waren weitere Herren gefunden, so dass ein rundes Dutzend am 30.07.2014 zu einer Versuchsprobe zusammenkam. Die Besetzung war relativ ausgeglichen, das Vom-Blatt-Singen war für keinen ein Fremdwort und alle verstanden sich auf Anhieb blendend. So lernte man unter Leitung von Ulrich Meier einige Sätze kennen, abseits gewohnter Männerchorpfade. Einstimmig waren danach alle der Meinung, dass diese Besetzung zukunftsfähig ist und man deshalb in einen regelmäßigen Probenbetrieb einsteigen sollte. Gesagt getan – ab Herbst 2014 kamen die Herren mindestens einmal im Monat zusammen und erarbeiteten sich Zug um Zug ein kleines Repertoire von Chorsätzen verschiedenster Art. Da ging es unter anderem um „Spanische Nächte“, ein missglücktes Rendezvous, oder um ein gar nicht so hessisches Volkslied „O Susanna“.<br><br>Die Mitglieder des Chors haben sich nicht gesucht und trotzdem gefunden . . .  Fast alle gehören einem „Heimatchor“ an, in dem sie natürlich weiterhin mitsingen. Sie kommen aus allen Himmelsrichtungen rund um Giengen herum und nehmen teilweise eine weite Anfahrt auf sich.<br><br>Der erste, Aufsehen erregende Auftritt erfolgte im März 2015 beim Bezirkstag des Eugen-Jaekle-Chorverbands in Ochsenberg. Bis zum zweiten Auftritt der Männer bei der Chorolympiade in Unterschneidheim im November 2015 hatte sich der Chor seinen vielsagenden Namen gegeben: „Mann – oh – Mann“.<br><br>Weitere Auftritte folgten und der vorläufige Höhepunkt in der jungen Geschichte des Chors war ein von Beifallsstürmen begleiteter Auftritt am 29. Mai 2016 im Rahmen des Deutschen Chorfests in Stuttgart.</p>



<div style="height:27px" aria-hidden="true" class="wp-block-spacer"></div>
</div>



<div class="wp-block-group has-global-padding is-layout-constrained wp-block-group-is-layout-constrained">
<h2 class="wp-block-heading">Historie</h2>



<p>„Mann-oh-Mann“ ist fast rein zufällig entstanden. Im Jahr 2014 fand in Giengen/Brenz ein Vizechorleiter-Lehrgang des Eugen-Jaekle-Chorverband statt, an dem überraschend viele Männer teilgenommen hatten. Da bot es sich an, dass man einige Übungslieder auch in Männerchorbesetzung singt. Dies klang sehr gut und machte so viel Spaß, dass schnell die Idee geboren wurde, sich mal als Männerchor zu treffen. Schnell waren weitere Herren gefunden, so dass ein rundes Dutzend am 30.07.2014 zu einer Versuchsprobe zusammenkam. Die Besetzung war relativ ausgeglichen, das Vom-Blatt-Singen war für keinen ein Fremdwort und alle verstanden sich auf Anhieb blendend. So lernte man unter Leitung von Ulrich Meier einige Sätze kennen, abseits gewohnter Männerchorpfade. Einstimmig waren danach alle der Meinung, dass diese Besetzung zukunftsfähig ist und man deshalb in einen regelmäßigen Probenbetrieb einsteigen sollte. Gesagt getan – ab Herbst 2014 kamen die Herren mindestens einmal im Monat zusammen und erarbeiteten sich Zug um Zug ein kleines Repertoire von Chorsätzen verschiedenster Art. Da ging es unter anderem um „Spanische Nächte“, ein missglücktes Rendezvous, oder um ein gar nicht so hessisches Volkslied „O Susanna“.<br><br>Die Mitglieder des Chors haben sich nicht gesucht und trotzdem gefunden . . .  Fast alle gehören einem „Heimatchor“ an, in dem sie natürlich weiterhin mitsingen. Sie kommen aus allen Himmelsrichtungen rund um Giengen herum und nehmen teilweise eine weite Anfahrt auf sich.<br><br>Der erste, Aufsehen erregende Auftritt erfolgte im März 2015 beim Bezirkstag des Eugen-Jaekle-Chorverbands in Ochsenberg. Bis zum zweiten Auftritt der Männer bei der Chorolympiade in Unterschneidheim im November 2015 hatte sich der Chor seinen vielsagenden Namen gegeben: „Mann – oh – Mann“.<br><br>Weitere Auftritte folgten und der vorläufige Höhepunkt in der jungen Geschichte des Chors war ein von Beifallsstürmen begleiteter Auftritt am 29. Mai 2016 im Rahmen des Deutschen Chorfests in Stuttgart.</p>



<figure class="wp-block-table"><table><tbody><tr><td>30.07.2014</td><td>Erste Probe des neuen Männerchors</td></tr><tr><td>10.03.2015</td><td>Erster öffentlicher Auftritt von „Mann-oh-Mann“ beim Bezirkstag HDH des EJC in Ochsenberg</td></tr><tr><td>21.11.2015</td><td>Mitwirkung bei der Chorolympiade in Unterschneidheim</td></tr><tr><td>24.01.2016</td><td>Mitwirkung beim Neujahrsempfang der Stadt Giengen</td></tr><tr><td>22.04.2016</td><td>Mitwirkung bei der Sportlerehrung in Giengen</td></tr><tr><td>29.05.2016</td><td>Mann-oh-Mann beteiligt sich mit einem Tageskonzert im Theaterhaus beim Deutschen Chorfest in Stuttgart</td></tr><tr><td>29.10.2016</td><td>Gastchor beim 20jährigen Chorjubiläum von belcanto (Gesang- und Theatervereinigung Burgberg) in der Maria-von-Linden Halle in Burgberg</td></tr></tbody></table></figure>
</div>



<div style="height:27px" aria-hidden="true" class="wp-block-spacer"></div>



<div class="wp-block-group has-global-padding is-layout-constrained wp-block-group-is-layout-constrained">
<h2 class="wp-block-heading">Technisches</h2>



<p>Wo: Proben finden meist statt im „Roten Schulhaus“ in Burgberg</p>



<p>Wann: Mindestens einmal im Monat, in der Regel mittwochs</p>



<p>Mitsinginteressierte Männer können sich gerne über Ulrich Meier (ulrichmeier.giengen@gmx.de) mit uns in Verbindung setzen.</p>



<div style="height:27px" aria-hidden="true" class="wp-block-spacer"></div>
</div>

<p>Über uns Entstehung fast reiner Zufall „Mann-oh-Mann“ ist fast rein zufällig entstanden. Im Jahr 2014 fand in Giengen/Brenz ein Vizechorleiter-Lehrgang des Eugen-Jaekle-Chorverband statt, an dem überraschend viele Männer teilgenommen hatten. Da bot es sich an, dass man einige Übungslieder auch in Männerchorbesetzung singt. Dies klang sehr gut und machte so viel Spaß, dass schnell die [&hellip;]</p>
